{"version":"1.0","provider_name":"49. Kornlupferfest Offenau \u2013 17.\u201319.07.2027","provider_url":"https:\/\/kornlupferfest.de\/klf26","title":"In 7 Wochen ist Kornlupferfest in Offenau. - 49. Kornlupferfest Offenau \u2013 17.\u201319.07.2027","type":"rich","width":600,"height":338,"html":"<blockquote class=\"wp-embedded-content\" data-secret=\"byQr2ibG3g\"><a href=\"https:\/\/kornlupferfest.de\/klf26\/in-7-wochen-ist-kornlupferfest-in-offenau\/\">In 7 Wochen ist Kornlupferfest in Offenau.<\/a><\/blockquote><iframe sandbox=\"allow-scripts\" security=\"restricted\" src=\"https:\/\/kornlupferfest.de\/klf26\/in-7-wochen-ist-kornlupferfest-in-offenau\/embed\/#?secret=byQr2ibG3g\" width=\"600\" height=\"338\" title=\"&#8222;In 7 Wochen ist Kornlupferfest in Offenau.&#8220; &#8211; 49. Kornlupferfest Offenau \u2013 17.\u201319.07.2027\" data-secret=\"byQr2ibG3g\" frameborder=\"0\" marginwidth=\"0\" marginheight=\"0\" scrolling=\"no\" class=\"wp-embedded-content\"><\/iframe><script>\n\/*! This file is auto-generated *\/\n!function(d,l){\"use strict\";l.querySelector&&d.addEventListener&&\"undefined\"!=typeof URL&&(d.wp=d.wp||{},d.wp.receiveEmbedMessage||(d.wp.receiveEmbedMessage=function(e){var t=e.data;if((t||t.secret||t.message||t.value)&&!\/[^a-zA-Z0-9]\/.test(t.secret)){for(var s,r,n,a=l.querySelectorAll('iframe[data-secret=\"'+t.secret+'\"]'),o=l.querySelectorAll('blockquote[data-secret=\"'+t.secret+'\"]'),c=new RegExp(\"^https?:$\",\"i\"),i=0;i<o.length;i++)o[i].style.display=\"none\";for(i=0;i<a.length;i++)s=a[i],e.source===s.contentWindow&&(s.removeAttribute(\"style\"),\"height\"===t.message?(1e3<(r=parseInt(t.value,10))?r=1e3:~~r<200&&(r=200),s.height=r):\"link\"===t.message&&(r=new URL(s.getAttribute(\"src\")),n=new URL(t.value),c.test(n.protocol))&&n.host===r.host&&l.activeElement===s&&(d.top.location.href=t.value))}},d.addEventListener(\"message\",d.wp.receiveEmbedMessage,!1),l.addEventListener(\"DOMContentLoaded\",function(){for(var e,t,s=l.querySelectorAll(\"iframe.wp-embedded-content\"),r=0;r<s.length;r++)(t=(e=s[r]).getAttribute(\"data-secret\"))||(t=Math.random().toString(36).substring(2,12),e.src+=\"#?secret=\"+t,e.setAttribute(\"data-secret\",t)),e.contentWindow.postMessage({message:\"ready\",secret:t},\"*\")},!1)))}(window,document);\n\/\/# sourceURL=https:\/\/kornlupferfest.de\/klf26\/wp-includes\/js\/wp-embed.min.js\n<\/script>\n","description":"In 7 Wochen ist Kornlupferfest in Offenau. Dann wird wieder 3 Tage lang am Neckar gefestelt und gefeiert. Wenn allerdings heute Kornlupferfest w\u00e4re, w\u00fcrde das Fest im Neckar stattfinden. Das Hochwasser hat den Festplatz komplett \u00fcbersp\u00fclt. Das Wasser steht dort \u00fcber 1m hoch. Dank der Hochwasserschutzeinrichtungen besteht in Offenau f\u00fcr die Bev\u00f6lkerung und deren H\u00e4user...","thumbnail_url":"https:\/\/kornlupferfest.de\/klf26\/wp-content\/uploads\/2024\/06\/KLF-IMG_0988-k2.jpeg","thumbnail_width":1000,"thumbnail_height":750}

In 7 Wochen ist Kornlupferfest in Offenau. Dann wird wieder 3 Tage lang am Neckar gefestelt und gefeiert. Wenn allerdings heute Kornlupferfest wäre, würde das Fest im Neckar stattfinden. Das Hochwasser hat den Festplatz komplett überspült. Das Wasser steht dort über 1m hoch. Dank der Hochwasserschutzeinrichtungen besteht in Offenau für die Bevölkerung und deren Häuser...
