{"version":"1.0","provider_name":"49. Kornlupferfest Offenau \u2013 17.\u201319.07.2027","provider_url":"https:\/\/kornlupferfest.de\/klf26","title":"Alph\u00f6rner am Neckar! - 49. Kornlupferfest Offenau \u2013 17.\u201319.07.2027","type":"rich","width":600,"height":338,"html":"<blockquote class=\"wp-embedded-content\" data-secret=\"olCJUPh75X\"><a href=\"https:\/\/kornlupferfest.de\/klf26\/alphoerner-am-neckar\/\">Alph\u00f6rner am Neckar!<\/a><\/blockquote><iframe sandbox=\"allow-scripts\" security=\"restricted\" src=\"https:\/\/kornlupferfest.de\/klf26\/alphoerner-am-neckar\/embed\/#?secret=olCJUPh75X\" width=\"600\" height=\"338\" title=\"&#8222;Alph\u00f6rner am Neckar!&#8220; &#8211; 49. Kornlupferfest Offenau \u2013 17.\u201319.07.2027\" data-secret=\"olCJUPh75X\" frameborder=\"0\" marginwidth=\"0\" marginheight=\"0\" scrolling=\"no\" class=\"wp-embedded-content\"><\/iframe><script>\n\/*! This file is auto-generated *\/\n!function(d,l){\"use strict\";l.querySelector&&d.addEventListener&&\"undefined\"!=typeof URL&&(d.wp=d.wp||{},d.wp.receiveEmbedMessage||(d.wp.receiveEmbedMessage=function(e){var t=e.data;if((t||t.secret||t.message||t.value)&&!\/[^a-zA-Z0-9]\/.test(t.secret)){for(var s,r,n,a=l.querySelectorAll('iframe[data-secret=\"'+t.secret+'\"]'),o=l.querySelectorAll('blockquote[data-secret=\"'+t.secret+'\"]'),c=new RegExp(\"^https?:$\",\"i\"),i=0;i<o.length;i++)o[i].style.display=\"none\";for(i=0;i<a.length;i++)s=a[i],e.source===s.contentWindow&&(s.removeAttribute(\"style\"),\"height\"===t.message?(1e3<(r=parseInt(t.value,10))?r=1e3:~~r<200&&(r=200),s.height=r):\"link\"===t.message&&(r=new URL(s.getAttribute(\"src\")),n=new URL(t.value),c.test(n.protocol))&&n.host===r.host&&l.activeElement===s&&(d.top.location.href=t.value))}},d.addEventListener(\"message\",d.wp.receiveEmbedMessage,!1),l.addEventListener(\"DOMContentLoaded\",function(){for(var e,t,s=l.querySelectorAll(\"iframe.wp-embedded-content\"),r=0;r<s.length;r++)(t=(e=s[r]).getAttribute(\"data-secret\"))||(t=Math.random().toString(36).substring(2,12),e.src+=\"#?secret=\"+t,e.setAttribute(\"data-secret\",t)),e.contentWindow.postMessage({message:\"ready\",secret:t},\"*\")},!1)))}(window,document);\n\/\/# sourceURL=https:\/\/kornlupferfest.de\/klf26\/wp-includes\/js\/wp-embed.min.js\n<\/script>\n","description":"Alph\u00f6rner am Neckar! Freut euch am Kornlupfer-Samstag, 20. Juli auf die Unterl\u00e4nder Alphornbl\u00e4ser. Sie geben erstmals am Offenauer Neckarufer ein Stelldichein und werden kurz vor 20 Uhr auf der Neckarterrasse den musikalischen Abend einl\u00e4uten. Direkt danach legen dann, direkt gegen\u00fcber, SURRENDER bei der Kornlupfer-Rock-Nacht los. In deren ersten Pause erobern dann die Alphornbl\u00e4ser die Musikb\u00fchne...","thumbnail_url":"https:\/\/kornlupferfest.de\/klf26\/wp-content\/uploads\/2024\/07\/00Alphorn-am-Neckarufer-k.jpg","thumbnail_width":727,"thumbnail_height":806}

Alphörner am Neckar! - 49. Kornlupferfest Offenau – 17.–19.07.2027

<blockquote class="wp-embedded-content" data-secret="olCJUPh75X"><a href="https://kornlupferfest.de/klf26/alphoerner-am-neckar/">Alphörner am Neckar!</a></blockquote><iframe sandbox="allow-scripts" security="restricted" src="https://kornlupferfest.de/klf26/alphoerner-am-neckar/embed/#?secret=olCJUPh75X" width="600" height="338" title="&#8222;Alphörner am Neckar!&#8220; &#8211; 49. Kornlupferfest Offenau – 17.–19.07.2027" data-secret="olCJUPh75X" frameborder="0" marginwidth="0" marginheight="0" scrolling="no" class="wp-embedded-content"></iframe><script>
/*! This file is auto-generated */
!function(d,l){"use strict";l.querySelector&&d.addEventListener&&"undefined"!=typeof URL&&(d.wp=d.wp||{},d.wp.receiveEmbedMessage||(d.wp.receiveEmbedMessage=function(e){var t=e.data;if((t||t.secret||t.message||t.value)&&!/[^a-zA-Z0-9]/.test(t.secret)){for(var s,r,n,a=l.querySelectorAll('iframe[data-secret="'+t.secret+'"]'),o=l.querySelectorAll('blockquote[data-secret="'+t.secret+'"]'),c=new RegExp("^https?:$","i"),i=0;i<o.length;i++)o[i].style.display="none";for(i=0;i<a.length;i++)s=a[i],e.source===s.contentWindow&&(s.removeAttribute("style"),"height"===t.message?(1e3<(r=parseInt(t.value,10))?r=1e3:~~r<200&&(r=200),s.height=r):"link"===t.message&&(r=new URL(s.getAttribute("src")),n=new URL(t.value),c.test(n.protocol))&&n.host===r.host&&l.activeElement===s&&(d.top.location.href=t.value))}},d.addEventListener("message",d.wp.receiveEmbedMessage,!1),l.addEventListener("DOMContentLoaded",function(){for(var e,t,s=l.querySelectorAll("iframe.wp-embedded-content"),r=0;r<s.length;r++)(t=(e=s[r]).getAttribute("data-secret"))||(t=Math.random().toString(36).substring(2,12),e.src+="#?secret="+t,e.setAttribute("data-secret",t)),e.contentWindow.postMessage({message:"ready",secret:t},"*")},!1)))}(window,document);
//# sourceURL=https://kornlupferfest.de/klf26/wp-includes/js/wp-embed.min.js
</script>

Alphörner am Neckar! Freut euch am Kornlupfer-Samstag, 20. Juli auf die Unterländer Alphornbläser. Sie geben erstmals am Offenauer Neckarufer ein Stelldichein und werden kurz vor 20 Uhr auf der Neckarterrasse den musikalischen Abend einläuten. Direkt danach legen dann, direkt gegenüber, SURRENDER bei der Kornlupfer-Rock-Nacht los. In deren ersten Pause erobern dann die Alphornbläser die Musikbühne...
